{"id":81,"date":"2025-06-02T13:18:02","date_gmt":"2025-06-02T10:18:02","guid":{"rendered":"https:\/\/tolobook.fi\/rosbacka\/?post_type=product&#038;p=81"},"modified":"2025-12-07T12:28:57","modified_gmt":"2025-12-07T10:28:57","slug":"koirametsa-yopyminen","status":"publish","type":"product","link":"https:\/\/tolobook.fi\/rosbacka\/tuote\/koirametsa-yopyminen\/","title":{"rendered":"Y\u00f6pyminen koiramets\u00e4ss\u00e4"},"content":{"rendered":"","protected":false},"excerpt":{"rendered":"<p>Y\u00f6pyminen koiramets\u00e4ss\u00e4 omilla varusteilla klo 20:00-09:00.<\/p>\n<p>Alueen laavussa voi nukkua, tai vaihtoehtoisesti voit tuoda vaikka oman teltan tai riippumaton. Y\u00f6pymisess\u00e4 ihmis- tai koiram\u00e4\u00e4r\u00e4\u00e4 ei rajoiteta.<\/p>\n","protected":false},"featured_media":2189,"template":"","meta":{"_acf_changed":false,"_kad_post_transparent":"default","_kad_post_title":"","_kad_post_layout":"default","_kad_post_sidebar_id":"","_kad_post_content_style":"default","_kad_post_vertical_padding":"default","_kad_post_feature":"","_kad_post_feature_position":"","_kad_post_header":false,"_kad_post_footer":false,"_kad_post_classname":""},"product_cat":[24],"class_list":{"0":"post-81","1":"product","2":"type-product","3":"status-publish","4":"has-post-thumbnail","6":"product_cat-koirametsa","8":"first","9":"instock","10":"virtual","11":"sold-individually","12":"taxable","13":"purchasable","14":"product-type-booking","15":"entry","16":"content-bg","17":"loop-entry"},"acf":[],"_links":{"self":[{"href":"https:\/\/tolobook.fi\/rosbacka\/wp-json\/wp\/v2\/product\/81","targetHints":{"allow":["GET"]}}],"collection":[{"href":"https:\/\/tolobook.fi\/rosbacka\/wp-json\/wp\/v2\/product"}],"about":[{"href":"https:\/\/tolobook.fi\/rosbacka\/wp-json\/wp\/v2\/types\/product"}],"wp:featuredmedia":[{"embeddable":true,"href":"https:\/\/tolobook.fi\/rosbacka\/wp-json\/wp\/v2\/media\/2189"}],"wp:attachment":[{"href":"https:\/\/tolobook.fi\/rosbacka\/wp-json\/wp\/v2\/media?parent=81"}],"wp:term":[{"taxonomy":"product_cat","embeddable":true,"href":"https:\/\/tolobook.fi\/rosbacka\/wp-json\/wp\/v2\/product_cat?post=81"}],"curies":[{"name":"wp","href":"https:\/\/api.w.org\/{rel}","templated":true}]}}