{"id":79,"date":"2025-06-02T13:15:04","date_gmt":"2025-06-02T10:15:04","guid":{"rendered":"https:\/\/tolobook.fi\/rosbacka\/?post_type=product&#038;p=79"},"modified":"2026-04-10T12:01:27","modified_gmt":"2026-04-10T09:01:27","slug":"koirametsa-tuntivaraus","status":"publish","type":"product","link":"https:\/\/tolobook.fi\/rosbacka\/tuote\/koirametsa-tuntivaraus\/","title":{"rendered":"Koiramets\u00e4 &#8211; Tuntivaraus"},"content":{"rendered":"<p>Tuntivaraus Rosbackan koiramets\u00e4\u00e4n.<\/p>\n<p>1h 30\u20ac \u2013 Tunti irti remmist\u00e4 koiramets\u00e4ss\u00e4! Jos mukanasi on yli nelj\u00e4 koiraa, valitsethan Lis\u00e4palveluista koiram\u00e4\u00e4r\u00e4n.<\/p>\n<p>2h 60\u20ac \u2013 Pari tuntia seikkailua, aikaa my\u00f6s grillailuun. Jos mukanasi on yli nelj\u00e4 koiraa, valitsethan Lis\u00e4palveluista koiram\u00e4\u00e4r\u00e4n.<\/p>\n<p>3h 90\u20ac \u2013 Runsaasti aikaa juosta, leikki\u00e4 ja oleskella. Jos mukanasi on yli nelj\u00e4 koiraa, valitsethan Lis\u00e4palveluista koiram\u00e4\u00e4r\u00e4n.<\/p>\n","protected":false},"excerpt":{"rendered":"<p>Tuntivaraus Rosbackan koiramets\u00e4\u00e4n.<\/p>\n<p>1h 30\u20ac \u2013 Tunti irti remmist\u00e4 koiramets\u00e4ss\u00e4! Jos mukanasi on yli nelj\u00e4 koiraa, valitsethan Lis\u00e4palveluista koiram\u00e4\u00e4r\u00e4n.<\/p>\n<p>2h 60\u20ac \u2013 Pari tuntia seikkailua, aikaa my\u00f6s grillailuun. Jos mukanasi on yli nelj\u00e4 koiraa, valitsethan Lis\u00e4palveluista koiram\u00e4\u00e4r\u00e4n.<\/p>\n<p>3h 90\u20ac \u2013 Runsaasti aikaa juosta, leikki\u00e4 ja oleskella. Jos mukanasi on yli nelj\u00e4 koiraa, valitsethan Lis\u00e4palveluista koiram\u00e4\u00e4r\u00e4n.<\/p>\n","protected":false},"featured_media":2188,"template":"","meta":{"_acf_changed":false,"_kad_post_transparent":"default","_kad_post_title":"","_kad_post_layout":"default","_kad_post_sidebar_id":"","_kad_post_content_style":"default","_kad_post_vertical_padding":"default","_kad_post_feature":"","_kad_post_feature_position":"","_kad_post_header":false,"_kad_post_footer":false,"_kad_post_classname":""},"product_cat":[24],"class_list":{"0":"post-79","1":"product","2":"type-product","3":"status-publish","4":"has-post-thumbnail","6":"product_cat-koirametsa","7":"yith_booking_service-yli-4-koiraa","8":"yith_booking_service-kaasugrilli-5e","9":"yith_booking_service-polttopuut-min-2h-varaus","11":"first","12":"instock","13":"virtual","14":"sold-individually","15":"taxable","16":"purchasable","17":"product-type-booking","18":"entry","19":"content-bg","20":"loop-entry"},"acf":[],"_links":{"self":[{"href":"https:\/\/tolobook.fi\/rosbacka\/wp-json\/wp\/v2\/product\/79","targetHints":{"allow":["GET"]}}],"collection":[{"href":"https:\/\/tolobook.fi\/rosbacka\/wp-json\/wp\/v2\/product"}],"about":[{"href":"https:\/\/tolobook.fi\/rosbacka\/wp-json\/wp\/v2\/types\/product"}],"wp:featuredmedia":[{"embeddable":true,"href":"https:\/\/tolobook.fi\/rosbacka\/wp-json\/wp\/v2\/media\/2188"}],"wp:attachment":[{"href":"https:\/\/tolobook.fi\/rosbacka\/wp-json\/wp\/v2\/media?parent=79"}],"wp:term":[{"taxonomy":"product_cat","embeddable":true,"href":"https:\/\/tolobook.fi\/rosbacka\/wp-json\/wp\/v2\/product_cat?post=79"}],"curies":[{"name":"wp","href":"https:\/\/api.w.org\/{rel}","templated":true}]}}