{"id":82,"date":"2025-03-31T18:18:38","date_gmt":"2025-03-31T15:18:38","guid":{"rendered":"https:\/\/tolobook.fi\/kotkan-pesuhalli\/tuote\/pesuhalli-kuukausisopimus-paivamaaravalinnalla\/"},"modified":"2026-02-09T09:28:02","modified_gmt":"2026-02-09T07:28:02","slug":"pesuhalli-kuukausisopimus","status":"publish","type":"product","link":"https:\/\/tolobook.fi\/kotkan-autopesu\/tuote\/pesuhalli-kuukausisopimus\/","title":{"rendered":"Pesuhallin kuukausisopimus yksityishenkil\u00f6ille"},"content":{"rendered":"<p>Kuukausisopimuksella voit k\u00e4ytt\u00e4\u00e4 pesuhallia rajattomasti yhden henkil\u00f6auton pesuun klo 06-23. Jos haluat tehd\u00e4 useamman henkil\u00f6auton sopimuksen tai sopimuksen yritykselle\/raskaalle kalustolle, ota yhteytt\u00e4!<\/p>\n","protected":false},"excerpt":{"rendered":"<p>Ostaessasi kuukausisopimuksen verkkokaupasta, maksat etuk\u00e4teen kaksi kuukautta. Maksusi j\u00e4lkeen l\u00e4het\u00e4mme sinulle kahden arkip\u00e4iv\u00e4n sis\u00e4ll\u00e4 sopimusehdot sek\u00e4 itse sopimuksen s\u00e4hk\u00f6isesti allekirjoitettavaksi. Seuraavat laskut tulevat postitse j\u00e4lkik\u00e4teen kahden kuukauden v\u00e4lein.<\/p>\n","protected":false},"featured_media":879,"template":"","meta":{"_acf_changed":false,"_kad_post_transparent":"default","_kad_post_title":"","_kad_post_layout":"default","_kad_post_sidebar_id":"","_kad_post_content_style":"default","_kad_post_vertical_padding":"default","_kad_post_feature":"","_kad_post_feature_position":"","_kad_post_header":false,"_kad_post_footer":false,"_kad_post_classname":""},"product_cat":[15],"class_list":{"0":"post-82","1":"product","2":"type-product","3":"status-publish","4":"has-post-thumbnail","6":"product_cat-pesupalvelut","8":"first","9":"instock","10":"virtual","11":"taxable","12":"purchasable","13":"product-type-simple","14":"entry","15":"content-bg","16":"loop-entry"},"acf":[],"_links":{"self":[{"href":"https:\/\/tolobook.fi\/kotkan-autopesu\/wp-json\/wp\/v2\/product\/82","targetHints":{"allow":["GET"]}}],"collection":[{"href":"https:\/\/tolobook.fi\/kotkan-autopesu\/wp-json\/wp\/v2\/product"}],"about":[{"href":"https:\/\/tolobook.fi\/kotkan-autopesu\/wp-json\/wp\/v2\/types\/product"}],"wp:featuredmedia":[{"embeddable":true,"href":"https:\/\/tolobook.fi\/kotkan-autopesu\/wp-json\/wp\/v2\/media\/879"}],"wp:attachment":[{"href":"https:\/\/tolobook.fi\/kotkan-autopesu\/wp-json\/wp\/v2\/media?parent=82"}],"wp:term":[{"taxonomy":"product_cat","embeddable":true,"href":"https:\/\/tolobook.fi\/kotkan-autopesu\/wp-json\/wp\/v2\/product_cat?post=82"}],"curies":[{"name":"wp","href":"https:\/\/api.w.org\/{rel}","templated":true}]}}