{"id":64,"date":"2025-03-31T17:33:39","date_gmt":"2025-03-31T14:33:39","guid":{"rendered":"https:\/\/tolobook.fi\/kotkan-pesuhalli\/tuote\/pesuhalli\/"},"modified":"2026-03-26T12:25:48","modified_gmt":"2026-03-26T10:25:48","slug":"pesuhalli-passi","status":"publish","type":"product","link":"https:\/\/tolobook.fi\/kotkan-autopesu\/tuote\/pesuhalli-passi\/","title":{"rendered":"Pesuhallin kertak\u00e4ynnit"},"content":{"rendered":"<p>P\u00e4\u00e4sy <a href=\"http:\/\/www.kotkanautopesu.fi\/pesuhalli\" target=\"_blank\" rel=\"noopener\">pesuhalliin<\/a> klo 8-20 v\u00e4lisen\u00e4 aikana. Kun olet maksanut, saat s\u00e4hk\u00f6postiisi ovikoodin. Sy\u00f6t\u00e4 koodi pesuhallin k\u00e4yntioven lukijaan, jolloin saldostasi v\u00e4hennet\u00e4\u00e4n yksi k\u00e4yntikerta. Matkailuautojen ja -vaunujen sis\u00e4\u00e4najo pesuhalliin henkil\u00f6autojen p\u00e4\u00e4dyst\u00e4 (Prisman puoli).<\/p>\n","protected":false},"excerpt":{"rendered":"<p>Lis\u00e4\u00e4 haluamasi tuote ostoskoriin. Ostettavien k\u00e4yntikertojen m\u00e4\u00e4r\u00e4 pienent\u00e4\u00e4 yhden k\u00e4ynnin yksikk\u00f6hintaa. Huoltotoimenpiteiden tekeminen pesuhallissa on kielletty, huoltohommia varten on mahdollista varata erillinen huoltohalli.<\/p>\n","protected":false},"featured_media":878,"template":"","meta":{"_acf_changed":false,"_kad_post_transparent":"default","_kad_post_title":"","_kad_post_layout":"default","_kad_post_sidebar_id":"","_kad_post_content_style":"default","_kad_post_vertical_padding":"default","_kad_post_feature":"","_kad_post_feature_position":"","_kad_post_header":false,"_kad_post_footer":false,"_kad_post_classname":""},"product_cat":[15],"class_list":{"0":"post-64","1":"product","2":"type-product","3":"status-publish","4":"has-post-thumbnail","6":"product_cat-pesupalvelut","7":"pa_ajoneuvo-asuntoauto-vaunu","8":"pa_ajoneuvo-henkiloauto-pakettiauto","9":"pa_ajoneuvo-henkiloauto-vene","10":"pa_ajoneuvo-kuorma-auto-peravaunu","11":"pa_ajoneuvo-linja-auto-kuorma-auto","12":"pa_paasy-pesuhalli","14":"first","15":"instock","16":"taxable","17":"shipping-taxable","18":"purchasable","19":"product-type-variable","20":"has-default-attributes","21":"entry","22":"content-bg","23":"loop-entry"},"acf":[],"_links":{"self":[{"href":"https:\/\/tolobook.fi\/kotkan-autopesu\/wp-json\/wp\/v2\/product\/64","targetHints":{"allow":["GET"]}}],"collection":[{"href":"https:\/\/tolobook.fi\/kotkan-autopesu\/wp-json\/wp\/v2\/product"}],"about":[{"href":"https:\/\/tolobook.fi\/kotkan-autopesu\/wp-json\/wp\/v2\/types\/product"}],"wp:featuredmedia":[{"embeddable":true,"href":"https:\/\/tolobook.fi\/kotkan-autopesu\/wp-json\/wp\/v2\/media\/878"}],"wp:attachment":[{"href":"https:\/\/tolobook.fi\/kotkan-autopesu\/wp-json\/wp\/v2\/media?parent=64"}],"wp:term":[{"taxonomy":"product_cat","embeddable":true,"href":"https:\/\/tolobook.fi\/kotkan-autopesu\/wp-json\/wp\/v2\/product_cat?post=64"}],"curies":[{"name":"wp","href":"https:\/\/api.w.org\/{rel}","templated":true}]}}