{"id":1994,"date":"2026-04-20T09:22:33","date_gmt":"2026-04-20T06:22:33","guid":{"rendered":"https:\/\/tolobook.fi\/kotkan-autopesu\/?post_type=product&#038;p=1994"},"modified":"2026-04-14T13:45:54","modified_gmt":"2026-04-14T10:45:54","slug":"huoltohalli-paivaksi-huoltomontulla","status":"publish","type":"product","link":"https:\/\/tolobook.fi\/kotkan-autopesu\/tuote\/huoltohalli-paivaksi-huoltomontulla\/","title":{"rendered":"Huoltohalli p\u00e4iv\u00e4ksi (ei huoltomonttua)"},"content":{"rendered":"<p data-pm-slice=\"1 1 []\">Huoltohallin varaus tapahtuu koko p\u00e4iv\u00e4ksi kerrallaan klo 09-20 v\u00e4liselle ajalle. <strong>Sis\u00e4\u00e4najo tapahtuu D-ovelta. Huom. t\u00e4h\u00e4n varaukseen ei sis\u00e4lly huoltomonttua. <\/strong>Yhdelle kaistalle mahtuu kaksi autoa per\u00e4kk\u00e4in. Huomioithan, ett\u00e4 my\u00f6s viereiselle kaistalle saattaa tulla asiakas, joten pid\u00e4th\u00e4n tilan vapaana.<\/p>\n<p>Maksettuasi varauksen saat s\u00e4hk\u00f6postiisi ovikoodin, joka on voimassa koko varauksesi ajan. Voit siis kulkea sis\u00e4\u00e4n ja ulos hallista vapaasti varauksesi aikana. Halliin kuljetaan n\u00e4pp\u00e4ilem\u00e4ll\u00e4 ovikoodi E-oven k\u00e4yntiovessa olevaan lukijaan. Nosto-ovi aukeaa sis\u00e4ll\u00e4 olevasta painikkeesta oven vieress\u00e4. Ovikoodi toimii aikaisintaan 10 minuuttia ennen varauksen alkua.<\/p>\n<p>Hallin tulee olla siivottuna ja tyhj\u00e4n\u00e4 varausajan p\u00e4\u00e4ttyess\u00e4. Jos haluat j\u00e4tt\u00e4\u00e4 huoltamasi ajoneuvon y\u00f6n yli esimerkiksi kuivumaan, teeth\u00e4n kaksi varausta per\u00e4kk\u00e4isille p\u00e4iville ja ilmoitat siit\u00e4 osoitteeseen info@kotkanautopesu.fi. Hallissa ei saa oleskella muita henkil\u00f6it\u00e4 kuin vuokralle ottajat.<\/p>\n<p>Varauksen voi peruuttaa veloituksetta 48 tuntia ennen varauksen alkua ottamalla yhteytt\u00e4 s\u00e4hk\u00f6postilla info@kotkanautopesu.fi. Lis\u00e4tietoja huoltohallista l\u00f6yd\u00e4t kotisivuiltamme osoitteesta <a href=\"https:\/\/kotkanautopesu.fi\/huoltohalli\/\">https:\/\/kotkanautopesu.fi\/huoltohalli\/<\/a><\/p>\n","protected":false},"excerpt":{"rendered":"<p>Varaa <a href=\"https:\/\/kotkanautopesu.fi\/huoltohalli\/\">huoltohalli<\/a> klo 09-20 ajaksi esimerkiksi auton sulatusta, kiireet\u00f6nt\u00e4 huoltoa, siivousta tai vahausta varten. Varauksen voi aloittaa my\u00f6s keskell\u00e4 p\u00e4iv\u00e4\u00e4, mutta varausaika p\u00e4\u00e4ttyy aina klo 20.00.<\/p>\n","protected":false},"featured_media":877,"template":"","meta":{"_acf_changed":false,"_kad_post_transparent":"default","_kad_post_title":"","_kad_post_layout":"default","_kad_post_sidebar_id":"","_kad_post_content_style":"default","_kad_post_vertical_padding":"default","_kad_post_feature":"","_kad_post_feature_position":"","_kad_post_header":false,"_kad_post_footer":false,"_kad_post_classname":""},"product_cat":[15],"class_list":{"0":"post-1994","1":"product","2":"type-product","3":"status-publish","4":"has-post-thumbnail","6":"product_cat-pesupalvelut","8":"first","9":"instock","10":"virtual","11":"sold-individually","12":"taxable","13":"purchasable","14":"product-type-booking","15":"entry","16":"content-bg","17":"loop-entry"},"acf":[],"_links":{"self":[{"href":"https:\/\/tolobook.fi\/kotkan-autopesu\/wp-json\/wp\/v2\/product\/1994","targetHints":{"allow":["GET"]}}],"collection":[{"href":"https:\/\/tolobook.fi\/kotkan-autopesu\/wp-json\/wp\/v2\/product"}],"about":[{"href":"https:\/\/tolobook.fi\/kotkan-autopesu\/wp-json\/wp\/v2\/types\/product"}],"wp:featuredmedia":[{"embeddable":true,"href":"https:\/\/tolobook.fi\/kotkan-autopesu\/wp-json\/wp\/v2\/media\/877"}],"wp:attachment":[{"href":"https:\/\/tolobook.fi\/kotkan-autopesu\/wp-json\/wp\/v2\/media?parent=1994"}],"wp:term":[{"taxonomy":"product_cat","embeddable":true,"href":"https:\/\/tolobook.fi\/kotkan-autopesu\/wp-json\/wp\/v2\/product_cat?post=1994"}],"curies":[{"name":"wp","href":"https:\/\/api.w.org\/{rel}","templated":true}]}}