{"id":83,"date":"2025-11-24T11:12:35","date_gmt":"2025-11-24T09:12:35","guid":{"rendered":"https:\/\/tolobook.fi\/koirametsaonni\/?post_type=product&#038;p=83"},"modified":"2026-02-12T10:45:35","modified_gmt":"2026-02-12T08:45:35","slug":"koirametsan-tuntivaraus","status":"publish","type":"product","link":"https:\/\/tolobook.fi\/koirametsaonni\/tuote\/koirametsan-tuntivaraus\/","title":{"rendered":"Koiramets\u00e4n tuntivaraus"},"content":{"rendered":"<p>Pid\u00e4 kiinni varausajoista! Saavuthan parkkipaikalle max 5 min ennen oman ajan alkamista, jotta edellinen vieras ehtii poistua paikalta ja poistuthan my\u00f6s koiramets\u00e4st\u00e4 v\u00e4litt\u00f6m\u00e4sti aikasi p\u00e4\u00e4tytty\u00e4.\u200b<\/p>\n<p>Ajan voi perua tai siirt\u00e4\u00e4 ottamalla yhteytt\u00e4 s\u00e4hk\u00f6postitse osoitteeseen koiramatsaonni@outlook.com v\u00e4hint\u00e4\u00e4n 24 tuntia ennen varatun ajan alkua. Rahat palautetaan Paytrailin kautta, jos peruutus on tehty v\u00e4hint\u00e4\u00e4n 24 tuntia ennen varatun ajan alkua. Alle vuorokauden ennen ajanvarauksen alkua tehdyst\u00e4 perumisesta ei palauteta maksua.<\/p>\n","protected":false},"excerpt":{"rendered":"<p>Voit varata mets\u00e4alueen yksityisk\u00e4ytt\u00f6\u00f6si v\u00e4hint\u00e4\u00e4n puolen tunnin ajaksi. Varaathan v\u00e4hint\u00e4\u00e4n 2h ajan jos haluat grillata laavulla. Porttikoodi (4-numeroinen PIN-koodi) tulee v\u00e4litt\u00f6m\u00e4sti maksun j\u00e4lkeen s\u00e4hk\u00f6postiin. PIN-koodilla p\u00e4\u00e4set sis\u00e4\u00e4n vasta tasan vuorosi alkaessa.<\/p>\n<p>Kaikkiin varauksiin sis\u00e4ltyy aina vartin vaihtov\u00e4li asiakkaiden v\u00e4lill\u00e4.<\/p>\n<p><strong>Hinnasto<\/strong><\/p>\n<table class=\"hinnasto-table\">\n<thead>\n<tr>\n<th>Koiram\u00e4\u00e4r\u00e4<\/th>\n<th>30min<\/th>\n<th>1h<\/th>\n<\/tr>\n<\/thead>\n<tbody>\n<tr>\n<td>1\u20134 koiraa<\/td>\n<td class=\"price\">15\u20ac<\/td>\n<td class=\"price\">25\u20ac<\/td>\n<\/tr>\n<tr>\n<td>5 tai enemm\u00e4n<\/td>\n<td class=\"price\">20\u20ac<\/td>\n<td class=\"price\">35\u20ac<\/td>\n<\/tr>\n<\/tbody>\n<\/table>\n","protected":false},"featured_media":94,"template":"","meta":{"_acf_changed":false,"_kad_post_transparent":"default","_kad_post_title":"","_kad_post_layout":"default","_kad_post_sidebar_id":"","_kad_post_content_style":"default","_kad_post_vertical_padding":"default","_kad_post_feature":"","_kad_post_feature_position":"","_kad_post_header":false,"_kad_post_footer":false,"_kad_post_classname":""},"product_cat":[15],"class_list":{"0":"post-83","1":"product","2":"type-product","3":"status-publish","4":"has-post-thumbnail","6":"product_cat-yleinen","7":"yith_booking_service-5-tai-enemman-koiraa","9":"first","10":"instock","11":"virtual","12":"sold-individually","13":"taxable","14":"purchasable","15":"product-type-booking","16":"entry","17":"content-bg","18":"loop-entry"},"acf":[],"_links":{"self":[{"href":"https:\/\/tolobook.fi\/koirametsaonni\/wp-json\/wp\/v2\/product\/83","targetHints":{"allow":["GET"]}}],"collection":[{"href":"https:\/\/tolobook.fi\/koirametsaonni\/wp-json\/wp\/v2\/product"}],"about":[{"href":"https:\/\/tolobook.fi\/koirametsaonni\/wp-json\/wp\/v2\/types\/product"}],"wp:featuredmedia":[{"embeddable":true,"href":"https:\/\/tolobook.fi\/koirametsaonni\/wp-json\/wp\/v2\/media\/94"}],"wp:attachment":[{"href":"https:\/\/tolobook.fi\/koirametsaonni\/wp-json\/wp\/v2\/media?parent=83"}],"wp:term":[{"taxonomy":"product_cat","embeddable":true,"href":"https:\/\/tolobook.fi\/koirametsaonni\/wp-json\/wp\/v2\/product_cat?post=83"}],"curies":[{"name":"wp","href":"https:\/\/api.w.org\/{rel}","templated":true}]}}