{"id":278,"date":"2025-08-18T22:19:33","date_gmt":"2025-08-18T19:19:33","guid":{"rendered":"https:\/\/tolobook.fi\/koirametsa-hepuli\/?post_type=product&#038;p=278"},"modified":"2025-09-08T12:59:43","modified_gmt":"2025-09-08T09:59:43","slug":"10x1h-sarjakortti-seriekort","status":"publish","type":"product","link":"https:\/\/tolobook.fi\/koirametsa-hepuli\/tuote\/10x1h-sarjakortti-seriekort\/","title":{"rendered":"10 x 1h sarjakortti\/ seriekort"},"content":{"rendered":"<p data-start=\"177\" data-end=\"319\">Hanki k\u00e4tev\u00e4 10-kerran sarjakortti Koiramets\u00e4 Hepuliin! <strong data-start=\"240\" data-end=\"275\">\u201cKenelt\u00e4\u201d\u2011kentt\u00e4 vaatii tekstin<\/strong>\u00a0ja &#8221;<strong>Viesti&#8221;-kentt\u00e4 voi j\u00e4\u00e4d\u00e4 tyhj\u00e4ksi<\/strong>.<\/p>\n<p data-start=\"321\" data-end=\"522\">Sarjakortti toimii <strong data-start=\"340\" data-end=\"357\">240 \u20ac saldona<\/strong>, jota voi k\u00e4ytt\u00e4\u00e4 Koiramets\u00e4n tuntivarauksiin sek\u00e4 lis\u00e4palveluihin (esim. yli 4 koiran lis\u00e4palvelu). Sarjakortin voimassaoloaika on <strong data-start=\"490\" data-end=\"519\">12 kuukautta ostop\u00e4iv\u00e4st\u00e4<\/strong>.<\/p>\n<p>\ud83d\udc3e\ud83d\udc3e\ud83d\udc3e<\/p>\n<p>Skaffa ett smidigt 10-g\u00e5ngers seriekort till Hundskog Hepuli! F\u00e4ltet <strong data-start=\"156\" data-end=\"166\">\u201cKenelt\u00e4\u201d<\/strong> \u00e4r obligatoriskt, och <strong data-start=\"189\" data-end=\"225\">meddelandef\u00e4ltet kan l\u00e4mnas tomt<\/strong>.<\/p>\n<p data-start=\"230\" data-end=\"431\">Kortet fungerar som ett <strong data-start=\"254\" data-end=\"272\">saldo p\u00e5 240 \u20ac<\/strong>, som kan anv\u00e4ndas f\u00f6r Hundskog Hepulis bokningar och till\u00e4ggstj\u00e4nster (t.ex. till\u00e4gg f\u00f6r fler \u00e4n 4 hundar). Kortet g\u00e4ller i <strong data-start=\"400\" data-end=\"428\">12 m\u00e5nader fr\u00e5n ink\u00f6psdagen<\/strong>.<\/p>\n<div class=\"MuiStack-root css-1dcksmk\"><\/div>\n","protected":false},"excerpt":{"rendered":"<p>10-kerran sarjakortti Koiramets\u00e4 Hepuliin, jolla on 240 \u20ac k\u00e4ytett\u00e4viss\u00e4 tuntivarauksiin ja lis\u00e4palveluihin. \u2018Kenelt\u00e4\u2019-kentt\u00e4 vaatii tekstin, Viesti voi j\u00e4\u00e4d\u00e4 tyhj\u00e4ksi.<\/p>\n<p>\ud83d\udc3e\ud83d\udc3e\ud83d\udc3e<\/p>\n<p>10-g\u00e5ngers seriekort till Hundskog Hepuli med ett saldo p\u00e5 240 \u20ac som kan anv\u00e4ndas f\u00f6r bokningar och till\u00e4ggstj\u00e4nster. F\u00e4ltet \u2018Kenelt\u00e4\u2019 \u00e4r obligatoriskt, meddelandef\u00e4ltet kan l\u00e4mnas tomt.<\/p>\n","protected":false},"featured_media":266,"template":"","meta":{"_acf_changed":false,"_kad_post_transparent":"default","_kad_post_title":"","_kad_post_layout":"default","_kad_post_sidebar_id":"","_kad_post_content_style":"default","_kad_post_vertical_padding":"default","_kad_post_feature":"","_kad_post_feature_position":"","_kad_post_header":false,"_kad_post_footer":false,"_kad_post_classname":""},"product_cat":[15],"class_list":{"0":"post-278","1":"product","2":"type-product","3":"status-publish","4":"has-post-thumbnail","6":"product_cat-yleinen","8":"first","9":"instock","10":"sale","11":"taxable","12":"shipping-taxable","13":"purchasable","14":"product-type-pw-gift-card","15":"has-default-attributes","16":"entry","17":"content-bg","18":"loop-entry"},"acf":[],"_links":{"self":[{"href":"https:\/\/tolobook.fi\/koirametsa-hepuli\/wp-json\/wp\/v2\/product\/278","targetHints":{"allow":["GET"]}}],"collection":[{"href":"https:\/\/tolobook.fi\/koirametsa-hepuli\/wp-json\/wp\/v2\/product"}],"about":[{"href":"https:\/\/tolobook.fi\/koirametsa-hepuli\/wp-json\/wp\/v2\/types\/product"}],"wp:featuredmedia":[{"embeddable":true,"href":"https:\/\/tolobook.fi\/koirametsa-hepuli\/wp-json\/wp\/v2\/media\/266"}],"wp:attachment":[{"href":"https:\/\/tolobook.fi\/koirametsa-hepuli\/wp-json\/wp\/v2\/media?parent=278"}],"wp:term":[{"taxonomy":"product_cat","embeddable":true,"href":"https:\/\/tolobook.fi\/koirametsa-hepuli\/wp-json\/wp\/v2\/product_cat?post=278"}],"curies":[{"name":"wp","href":"https:\/\/api.w.org\/{rel}","templated":true}]}}