{"id":83,"date":"2025-08-25T10:11:39","date_gmt":"2025-08-25T07:11:39","guid":{"rendered":"https:\/\/tolobook.fi\/haukkuhalli\/?post_type=product&#038;p=83"},"modified":"2026-04-28T12:22:49","modified_gmt":"2026-04-28T09:22:49","slug":"iso-halli-576m2-silea-kesan-ajan","status":"publish","type":"product","link":"https:\/\/tolobook.fi\/haukkuhalli\/tuote\/iso-halli-576m2-silea-kesan-ajan\/","title":{"rendered":"1. Iso halli. 576m2 Valmis Aksarata viel\u00e4 t\u00e4n\u00e4\u00e4n 28 ja huomenna 29.4"},"content":{"rendered":"<p>Muuttuva agilityrata tiistaisin ja keskiviikkoisin. Mik\u00e4li purat rataa muista my\u00f6s kasata se ennalleen.<\/p>\n","protected":false},"excerpt":{"rendered":"<p>Muuttuva agilityrata tiistaisin ja keskiviikkoisin. Mik\u00e4li purat rataa muista my\u00f6s kasata se ennalleen.<\/p>\n","protected":false},"featured_media":255,"template":"","meta":{"_acf_changed":false,"_kad_post_transparent":"default","_kad_post_title":"","_kad_post_layout":"default","_kad_post_sidebar_id":"","_kad_post_content_style":"default","_kad_post_vertical_padding":"default","_kad_post_feature":"","_kad_post_feature_position":"","_kad_post_header":false,"_kad_post_footer":false,"_kad_post_classname":""},"product_cat":[15],"class_list":{"0":"post-83","1":"product","2":"type-product","3":"status-publish","4":"has-post-thumbnail","6":"product_cat-yleinen","8":"first","9":"instock","10":"virtual","11":"sold-individually","12":"taxable","13":"purchasable","14":"product-type-booking","15":"entry","16":"content-bg","17":"loop-entry"},"acf":[],"_links":{"self":[{"href":"https:\/\/tolobook.fi\/haukkuhalli\/wp-json\/wp\/v2\/product\/83","targetHints":{"allow":["GET"]}}],"collection":[{"href":"https:\/\/tolobook.fi\/haukkuhalli\/wp-json\/wp\/v2\/product"}],"about":[{"href":"https:\/\/tolobook.fi\/haukkuhalli\/wp-json\/wp\/v2\/types\/product"}],"wp:featuredmedia":[{"embeddable":true,"href":"https:\/\/tolobook.fi\/haukkuhalli\/wp-json\/wp\/v2\/media\/255"}],"wp:attachment":[{"href":"https:\/\/tolobook.fi\/haukkuhalli\/wp-json\/wp\/v2\/media?parent=83"}],"wp:term":[{"taxonomy":"product_cat","embeddable":true,"href":"https:\/\/tolobook.fi\/haukkuhalli\/wp-json\/wp\/v2\/product_cat?post=83"}],"curies":[{"name":"wp","href":"https:\/\/api.w.org\/{rel}","templated":true}]}}