{"id":102,"date":"2025-06-23T11:34:07","date_gmt":"2025-06-23T08:34:07","guid":{"rendered":"https:\/\/tolobook.fi\/ellivuori\/?post_type=product&#038;p=102"},"modified":"2025-07-16T12:10:28","modified_gmt":"2025-07-16T09:10:28","slug":"maisemasviitti-6","status":"publish","type":"product","link":"https:\/\/tolobook.fi\/ellivuori\/tuote\/maisemasviitti-6\/","title":{"rendered":"Maisemasviitti 6"},"content":{"rendered":"<p>Reilun puolen tunnin p\u00e4\u00e4ss\u00e4 Tampereelta sijaitseva 27 m\u00b2 maisemasviitti tarjoaa yksityisyytt\u00e4, laatua ja upeat j\u00e4rvin\u00e4kym\u00e4t ymp\u00e4ri vuoden. Sviitti on rakennettu ekologisesti ja varustettu Unikulman paris\u00e4ngyll\u00e4, omalla kylpyhuoneella, kevyell\u00e4 keitti\u00f6varustelulla, ilmastoinnilla ja lattial\u00e4mmityksell\u00e4. Panoraamaikkunasta avautuu esteet\u00f6n n\u00e4kym\u00e4 j\u00e4rvelle, ja tilava terassi kutsuu nauttimaan luonnosta. Soveltuu t\u00e4ydellisesti rentoutumiseen tai yritysvierailuihin \u2013 Ellivuori Resortin palveluiden \u00e4\u00e4rell\u00e4.<\/p>\n","protected":false},"excerpt":{"rendered":"<p>Reilun puolen tunnin p\u00e4\u00e4ss\u00e4 Tampereelta sijaitseva 27 m\u00b2 maisemasviitti tarjoaa yksityisyytt\u00e4, laatua ja upeat j\u00e4rvin\u00e4kym\u00e4t ymp\u00e4ri vuoden. Sviitti on rakennettu ekologisesti ja varustettu Unikulman paris\u00e4ngyll\u00e4, omalla kylpyhuoneella, kevyell\u00e4 keitti\u00f6varustelulla, ilmastoinnilla ja lattial\u00e4mmityksell\u00e4. Panoraamaikkunasta avautuu esteet\u00f6n n\u00e4kym\u00e4 j\u00e4rvelle, ja tilava terassi kutsuu nauttimaan luonnosta. Soveltuu t\u00e4ydellisesti rentoutumiseen tai yritysvierailuihin \u2013 Ellivuori Resortin palveluiden \u00e4\u00e4rell\u00e4.<\/p>\n","protected":false},"featured_media":142,"template":"","meta":{"_acf_changed":false,"_kad_post_transparent":"default","_kad_post_title":"","_kad_post_layout":"default","_kad_post_sidebar_id":"","_kad_post_content_style":"default","_kad_post_vertical_padding":"default","_kad_post_feature":"","_kad_post_feature_position":"","_kad_post_header":false,"_kad_post_footer":false,"_kad_post_classname":""},"product_cat":[20,15],"class_list":{"0":"post-102","1":"product","2":"type-product","3":"status-publish","4":"has-post-thumbnail","6":"product_cat-maisemasviitit","7":"product_cat-yleinen","9":"first","10":"instock","11":"virtual","12":"sold-individually","13":"taxable","14":"purchasable","15":"product-type-booking","16":"entry","17":"content-bg","18":"loop-entry"},"acf":[],"_links":{"self":[{"href":"https:\/\/tolobook.fi\/ellivuori\/wp-json\/wp\/v2\/product\/102","targetHints":{"allow":["GET"]}}],"collection":[{"href":"https:\/\/tolobook.fi\/ellivuori\/wp-json\/wp\/v2\/product"}],"about":[{"href":"https:\/\/tolobook.fi\/ellivuori\/wp-json\/wp\/v2\/types\/product"}],"wp:featuredmedia":[{"embeddable":true,"href":"https:\/\/tolobook.fi\/ellivuori\/wp-json\/wp\/v2\/media\/142"}],"wp:attachment":[{"href":"https:\/\/tolobook.fi\/ellivuori\/wp-json\/wp\/v2\/media?parent=102"}],"wp:term":[{"taxonomy":"product_cat","embeddable":true,"href":"https:\/\/tolobook.fi\/ellivuori\/wp-json\/wp\/v2\/product_cat?post=102"}],"curies":[{"name":"wp","href":"https:\/\/api.w.org\/{rel}","templated":true}]}}